{"id":2689,"date":"2023-06-28T16:49:39","date_gmt":"2023-06-28T19:49:39","guid":{"rendered":"https:\/\/trevomotoresepecasdiesel.com\/?page_id=2689"},"modified":"2025-12-01T19:19:49","modified_gmt":"2025-12-01T22:19:49","slug":"quem-somos","status":"publish","type":"page","link":"https:\/\/trevomotoresepecasdiesel.com\/index.php\/quem-somos\/","title":{"rendered":"Quem Somos"},"content":{"rendered":"\t\t<div data-elementor-type=\"wp-page\" data-elementor-id=\"2689\" class=\"elementor elementor-2689\">\n\t\t\t\t\t\t<section class=\"elementor-section elementor-top-section elementor-element elementor-element-aa033b8 elementor-section-full_width elementor-section-height-default elementor-section-height-default wpr-particle-no wpr-jarallax-no wpr-parallax-no wpr-sticky-section-no\" data-id=\"aa033b8\" data-element_type=\"section\">\n\t\t\t\t\t\t<div class=\"elementor-container elementor-column-gap-default\">\n\t\t\t\t\t<div class=\"elementor-column elementor-col-100 elementor-top-column elementor-element elementor-element-7ef948d\" data-id=\"7ef948d\" data-element_type=\"column\">\n\t\t\t<div class=\"elementor-widget-wrap elementor-element-populated\">\n\t\t\t\t\t\t<div class=\"elementor-element elementor-element-e9208bd elementor-widget elementor-widget-heading\" data-id=\"e9208bd\" data-element_type=\"widget\" data-widget_type=\"heading.default\">\n\t\t\t\t<div class=\"elementor-widget-container\">\n\t\t\t\t\t<h2 class=\"elementor-heading-title elementor-size-default\">QUEM N\u00d3S SOMOS<\/h2>\t\t\t\t<\/div>\n\t\t\t\t<\/div>\n\t\t\t\t\t<\/div>\n\t\t<\/div>\n\t\t\t\t\t<\/div>\n\t\t<\/section>\n\t\t\t\t<section class=\"elementor-section elementor-top-section elementor-element elementor-element-ab70bfc elementor-section-boxed elementor-section-height-default elementor-section-height-default wpr-particle-no wpr-jarallax-no wpr-parallax-no wpr-sticky-section-no\" data-id=\"ab70bfc\" data-element_type=\"section\" data-settings=\"{&quot;background_background&quot;:&quot;classic&quot;}\">\n\t\t\t\t\t\t<div class=\"elementor-container elementor-column-gap-default\">\n\t\t\t\t\t<div class=\"elementor-column elementor-col-100 elementor-top-column elementor-element elementor-element-6d54ca9\" data-id=\"6d54ca9\" data-element_type=\"column\">\n\t\t\t<div class=\"elementor-widget-wrap elementor-element-populated\">\n\t\t\t\t\t\t<div class=\"elementor-element elementor-element-e9e378d elementor-widget elementor-widget-text-editor\" data-id=\"e9e378d\" data-element_type=\"widget\" data-widget_type=\"text-editor.default\">\n\t\t\t\t<div class=\"elementor-widget-container\">\n\t\t\t\t\t\t\t\t\t<p>TEMOS 7 ANOS DE EXPERI\u00caNCIA<\/p><p>Somos uma empresa especializada na revenda de pe\u00e7as de reposi\u00e7\u00e3o para ve\u00edculos leves nacionais e importados. No mercado h\u00e1 7 ANOS, nossa sede pr\u00f3pria com 1.000 mt\u00b2 e constante investimento em novos itens para atender a alta demanda de pe\u00e7as e modelos novos de carros lan\u00e7ados anualmente, nos possibilita manter um estoque capaz de suprir as necessidades tanto de nossos clientes de balc\u00e3o como dos profissionais que possuem cadastro de compra em nossa empresa, de forma r\u00e1pida e com pre\u00e7os bastante competitivos, sem perder o foco de oferecer as melhores marcas nos diversos seguimentos atendidos.<\/p>\t\t\t\t\t\t\t\t<\/div>\n\t\t\t\t<\/div>\n\t\t\t\t<div class=\"elementor-element elementor-element-6e3ecb3 elementor-button-warning elementor-align-center elementor-widget elementor-widget-button\" data-id=\"6e3ecb3\" data-element_type=\"widget\" data-widget_type=\"button.default\">\n\t\t\t\t<div class=\"elementor-widget-container\">\n\t\t\t\t\t\t\t\t\t<div class=\"elementor-button-wrapper\">\n\t\t\t\t\t<a class=\"elementor-button elementor-button-link elementor-size-md\" href=\"https:\/\/wa.me\/5549991300591\">\n\t\t\t\t\t\t<span class=\"elementor-button-content-wrapper\">\n\t\t\t\t\t\t<span class=\"elementor-button-icon\">\n\t\t\t\t<i aria-hidden=\"true\" class=\"fab fa-whatsapp-square\"><\/i>\t\t\t<\/span>\n\t\t\t\t\t\t\t\t\t<span class=\"elementor-button-text\">SOLICITE UM OR\u00c7AMENTO AGORA<\/span>\n\t\t\t\t\t<\/span>\n\t\t\t\t\t<\/a>\n\t\t\t\t<\/div>\n\t\t\t\t\t\t\t\t<\/div>\n\t\t\t\t<\/div>\n\t\t\t\t\t<\/div>\n\t\t<\/div>\n\t\t\t\t\t<\/div>\n\t\t<\/section>\n\t\t\t\t<section class=\"elementor-section elementor-top-section elementor-element elementor-element-62ebff6 elementor-section-full_width elementor-section-height-default elementor-section-height-default wpr-particle-no wpr-jarallax-no wpr-parallax-no wpr-sticky-section-no\" data-id=\"62ebff6\" data-element_type=\"section\">\n\t\t\t\t\t\t<div class=\"elementor-container elementor-column-gap-default\">\n\t\t\t\t\t<div class=\"elementor-column elementor-col-100 elementor-top-column elementor-element elementor-element-b6b9139\" data-id=\"b6b9139\" data-element_type=\"column\">\n\t\t\t<div class=\"elementor-widget-wrap elementor-element-populated\">\n\t\t\t\t\t\t<div class=\"elementor-element elementor-element-1a933be elementor-widget-mobile__width-inherit elementor-widget elementor-widget-image\" data-id=\"1a933be\" data-element_type=\"widget\" data-widget_type=\"image.default\">\n\t\t\t\t<div class=\"elementor-widget-container\">\n\t\t\t\t\t\t\t\t\t\t\t\t\t\t\t<img fetchpriority=\"high\" decoding=\"async\" width=\"780\" height=\"400\" src=\"https:\/\/trevomotoresepecasdiesel.com\/wp-content\/uploads\/2023\/03\/repositor1Resultado.png\" class=\"attachment-2048x2048 size-2048x2048 wp-image-2163\" alt=\"\" srcset=\"https:\/\/trevomotoresepecasdiesel.com\/wp-content\/uploads\/2023\/03\/repositor1Resultado.png 780w, https:\/\/trevomotoresepecasdiesel.com\/wp-content\/uploads\/2023\/03\/repositor1Resultado-300x154.png 300w, https:\/\/trevomotoresepecasdiesel.com\/wp-content\/uploads\/2023\/03\/repositor1Resultado-768x394.png 768w, https:\/\/trevomotoresepecasdiesel.com\/wp-content\/uploads\/2023\/03\/repositor1Resultado-600x308.png 600w\" sizes=\"(max-width: 780px) 100vw, 780px\" \/>\t\t\t\t\t\t\t\t\t\t\t\t\t\t\t<\/div>\n\t\t\t\t<\/div>\n\t\t\t\t\t<\/div>\n\t\t<\/div>\n\t\t\t\t\t<\/div>\n\t\t<\/section>\n\t\t\t\t<\/div>\n\t\t","protected":false},"excerpt":{"rendered":"<p>QUEM N\u00d3S SOMOS TEMOS 7 ANOS DE EXPERI\u00caNCIA Somos uma empresa especializada na revenda de pe\u00e7as de reposi\u00e7\u00e3o para ve\u00edculos leves nacionais e importados. No mercado h\u00e1 7 ANOS, nossa sede pr\u00f3pria com 1.000 mt\u00b2 e constante investimento em novos itens para atender a alta demanda de pe\u00e7as e modelos novos de carros lan\u00e7ados anualmente, nos possibilita manter um estoque capaz de suprir as necessidades tanto de nossos clientes de balc\u00e3o como dos profissionais que possuem cadastro de compra em nossa empresa, de forma r\u00e1pida e com pre\u00e7os bastante competitivos, sem perder o foco de oferecer as melhores marcas nos diversos seguimentos atendidos. SOLICITE UM OR\u00c7AMENTO AGORA<\/p>\n","protected":false},"author":1,"featured_media":0,"parent":0,"menu_order":0,"comment_status":"closed","ping_status":"closed","template":"elementor_header_footer","meta":{"footnotes":""},"class_list":["post-2689","page","type-page","status-publish","hentry"],"_hostinger_reach_plugin_has_subscription_block":false,"_hostinger_reach_plugin_is_elementor":false,"_links":{"self":[{"href":"https:\/\/trevomotoresepecasdiesel.com\/index.php\/wp-json\/wp\/v2\/pages\/2689","targetHints":{"allow":["GET"]}}],"collection":[{"href":"https:\/\/trevomotoresepecasdiesel.com\/index.php\/wp-json\/wp\/v2\/pages"}],"about":[{"href":"https:\/\/trevomotoresepecasdiesel.com\/index.php\/wp-json\/wp\/v2\/types\/page"}],"author":[{"embeddable":true,"href":"https:\/\/trevomotoresepecasdiesel.com\/index.php\/wp-json\/wp\/v2\/users\/1"}],"replies":[{"embeddable":true,"href":"https:\/\/trevomotoresepecasdiesel.com\/index.php\/wp-json\/wp\/v2\/comments?post=2689"}],"version-history":[{"count":94,"href":"https:\/\/trevomotoresepecasdiesel.com\/index.php\/wp-json\/wp\/v2\/pages\/2689\/revisions"}],"predecessor-version":[{"id":4164,"href":"https:\/\/trevomotoresepecasdiesel.com\/index.php\/wp-json\/wp\/v2\/pages\/2689\/revisions\/4164"}],"wp:attachment":[{"href":"https:\/\/trevomotoresepecasdiesel.com\/index.php\/wp-json\/wp\/v2\/media?parent=2689"}],"curies":[{"name":"wp","href":"https:\/\/api.w.org\/{rel}","templated":true}]}}